-5).
-73
Let t(q) = -6*q**2 + 558*q - 3264. Give t(83).
1716
Let h(t) = t**3 - 251*t**2 - 503*t - 760. Calculate h(253).
-1
Let m(t) = t**2 - 298*t + 3931. What is m(285)?
226
Let z(q) = -903*q**2 - 28902*q - 208. Determine z(-32).
-16
Let w(o) = -358*o**2 + 716*o + 7. What is w(2)?
7
Let u(g) = -2*g**2 - 1300*g - 94127. What is u(-83)?
-5
Let c(d) = d**3 + 180*d**2 + 1571*d + 5473. Calculate c(-171).
1
Let r(q) = 142631*q - 285255. Determine r(2).
7
Let n(g) = 24848*g + 1540610. What is n(-62)?
34
Let c(j) = 96*j - 7809. Calculate c(49).
-3105
Let p(c) = 4*c**2 + 509*c + 7967. Determine p(-16).
847
Let k(m) = 6*m**3 + 1913*m**2 - 4172*m + 329. What is k(-321)?
8
Let z(j) = -10*j**2 + 75*j + 1734. What is z(-13)?
-931
Let v(g) = -14216*g + 1251006. Calculate v(88).
-2
Let u(v) = -v**3 + 175*v**2 + 936*v - 6179. Give u(180).
301
Let x(m) = -301*m - 2931. Determine x(-10).
79
Let f(h) = 20*h + 4554. What is f(-50)?
3554
Let m(l) = -l**2 + 279*l - 9823. What is m(237)?
131
Let h(y) = 157*y - 16321. Give h(100).
-621
Let l(o) = 17*o**2 + 2327*o - 4637. Calculate l(2).
85
Let t(q) = -q**3 + 124*q**2 + 377*q + 236. Give t(127).
-272
Let l(k) = k**3 + 22*k**2 - 16*k - 9. Give l(-22).
343
Let x(n) = 6*n**2 - 29877*n + 2582711. Determine x(88).
-1
Let h(g) = -g**3 + 179*g**2 - 7463*g + 334. Calculate h(66).
4
Let d(o) = -12*o**2 + 13529*o + 62203. Calculate d(1132).
-57
Let p(n) = 2*n**3 + 126*n**2 + 1022*n + 101. Calculate p(-53).
2115
Let o(r) = 6869*r + 153. Determine o(0).
153
Let d(t) = -t**3 - 15*t**2 - 951*t - 13112. Calculate d(-14).
6
Let r(b) = -290*b - 10913. Determine r(-38).
107
Let g(j) = -11*j**2 - 103*j - 304. Calculate g(-3).
-94
Let f(g) = -5304*g - 14059. Give f(-2).
-3451
Let w(u) = -15*u**2 + 3619*u - 3611. What is w(1)?
-7
Let h(r) = 5*r**2 - 341*r + 4087. Calculate h(21).
-869
Let v(l) = 163937*l + 5409924. Calculate v(-33).
3
Let m(x) = 139*x**2 - 9762*x + 2244. Give m(70).
4
Let v(o) = -38*o**3 - 44*o**2 + 134*o + 437. Give v(-2).
297
Let q(f) = 2*f**3 + 32*f**2 - 926*f + 189. Give q(15).
249
Let j(p) = -11*p**2 + 399*p + 5539. Give j(47).
-7
Let q(c) = c**3 + 18*c**2 + 68*c + 54. Determine q(-13).
15
Let z(p) = 40*p**3 + 598*p**2 - 89*p - 1524. Determine z(-15).
-639
Let z(t) = -t**2 - 216*t - 9272. What is z(-59)?
-9
Let w(u) = 2*u**3 + 353*u**2 + 259*u + 14604. Determine w(-176).
-4
Let a(j) = -4*j**3 - 372*j**2 - 373*j - 385. What is a(-92)?
75
Let j(y) = 976*y**2 + 3892*y - 40. Calculate j(-4).
8
Let s(n) = -165003*n - 3960075. Calculate s(-24).
-3
Let k(n) = -n**3 + 35014*n**2 + 35016*n. Determine k(-1).
-1
Let s(d) = -984*d + 79901. What is s(85)?
-3739
Let k(w) = 1465*w + 23392. Calculate k(-16).
-48
Let h(i) = -9*i**3 + 43*i**2 + 65*i - 284. Determine h(5).
-9
Let j(g) = 14*g**3 - 71*g**2 + 65*g + 39. Determine j(4).
59
Let c(m) = 3651*m - 47446. What is c(13)?
17
Let x(p) = -2*p**2 + 154*p + 2587. Determine x(-17).
-609
Let b(n) = 8*n**3 + 962*n**2 + 263*n + 923. Determine b(-120).
-1837
Let z(f) = 425*f - 199891. What is z(471)?
284
Let c(x) = -851*x - 113152. Determine c(-133).
31
Let k(h) = -1112901*h + 14467711. Give k(13).
-2
Let x(r) = -7*r**2 + 437*r + 2175. Determine x(-5).
-185
Let x(i) = i**3 - 1078*i**2 - 2840*i + 4218601. Determine x(1077).
-8
Let z(q) = 231*q**2 - 397*q - 3. Determine z(2).
127
Let i(c) = -c**3 - 6*c**2 + 113*c + 788. Determine i(-8).
12
Let z(x) = -x**2 + 9906*x + 119025. Give z(-12).
9
Let k(z) = -235446*z - 706562. What is k(-3)?
-224
Let s(o) = 3*o**3 - 216*o**2 - 651*o - 1861. Calculate s(75).
-61
Let w(l) = -120*l**2 - 63726*l - 3188. Determine w(-531).
-2
Let r(d) = -7*d**3 + 11*d**2 - 61*d - 124. What is r(4)?
-640
Let a(b) = -54274*b + 434221. Determine a(8).
29
Let d(j) = -j**3 + 194*j**2 - 1048*j + 1152. Give d(4).
0
Let d(t) = -t**3 + 86*t**2 + 545*t - 53605. What is d(85)?
-55
Let d(p) = 207*p - 15246. Determine d(73).
-135
Let f(x) = -x**3 + 4*x**2 + 945*x - 3787. What is f(4)?
-7
Let x(s) = -5*s**3 - 306*s**2 + 564*s - 265. What is x(-63)?
-76
Let q(o) = o**2 + 191*o - 11281. Calculate q(48).
191
Let t(o) = -2*o**3 + 659*o**2 + 2341*o - 3332. Give t(333).
-2
Let s(t) = -t**3 - 666*t**2 + 4621*t - 60563. Calculate s(-673).
7
Let o(k) = -863*k + 6827. Give o(8).
-77
Let t(j) = 597*j + 7678. What is t(-13)?
-83
Let g(o) = o**2 - 93*o - 3809. Calculate g(124).
35
Let k(z) = 26*z**3 - 128*z**2 + 9*z + 11. What is k(6)?
1073
Let l(o) = o**2 + 4*o - 170. What is l(12)?
22
Let y(w) = -w**3 - 138*w**2 + 136*w - 413. What is y(-139)?
4
Let w(r) = -3*r**3 + 1068*r**2 - 1123*r + 20603. Give w(355).
13
Let s(i) = -i**3 + 68*i**2 + 297*i + 331. Give s(72).
979
Let m(t) = 531*t - 107829. Determine m(203).
-36
Let o(n) = -411*n + 7986. Give o(17).
999
Let s(x) = 1753*x - 348841. Determine s(199).
6
Let g(a) = -5*a**2 - 11377*a - 5123449. Give g(-1657).
-5
Let u(b) = 134*b**3 + 1207*b**2 + 60*b + 457. Calculate u(-9).
-2
Let s(l) = 5*l**2 + 2871*l + 45467. Give s(-16).
811
Let h(v) = 12*v**2 - 15*v - 61. What is h(-3)?
92
Let h(s) = 2034*s + 1218386. What is h(-599)?
20
Let q(a) = -4*a**3 - 7*a**2 + 40*a - 230. What is q(-9)?
1759
Let o(u) = 7131*u**2 - 9812254*u - 2745. Calculate o(1376).
7
Let y(r) = -33149*r - 2187856. Determine y(-66).
-22
Let m(g) = -22081*g**2 - 1523594*g - 345. Calculate m(-69).
0
Let o(x) = -28306*x - 2349406. What is o(-83)?
-8
Let f(m) = -132*m**2 + 915*m - 51. Calculate f(7).
-114
Let c(j) = -6*j**2 - 220*j + 1708. Give c(10).
-1092
Let u(i) = -7*i**3 - 32*i**2 - 29*i - 211. Calculate u(-5).
9
Let y(p) = -671*p - 107390. Give y(-160).
-30
Let y(n) = -6156*n + 7682. Calculate y(1).
1526
Let i(u) = 15733*u - 19147062. Calculate i(1217).
-1
Let b(w) = 36*w - 4201. Determine b(111).
-205
Let d(m) = 53*m**2 + 3812*m + 40408. Determine d(-59).
-7
Let t(j) = -j**3 + 35*j**2 - 304*j + 79. Calculate t(18).
115
Let k(j) = j**2 - 566*j + 78825. Calculate k(246).
105
Let h(m) = m**3 - 3*m**2 + 30*m - 376. Give h(6).
-88
Let z(d) = 158979*d - 3815484. Give z(24).
12
Let c(g) = 2*g**3 - 523*g**2 + 246*g + 3753. Give c(261).
-162
Let r(z) = 529*z - 90023. What is r(180)?
5197
Let k(q) = -2*q**3 + 56*q**2 - 366*q + 161. Calculate k(11).
249
Let s(a) = 15541*a - 108796. What is s(7)?
-9
Let c(t) = 10533*t + 2243564. Determine c(-213).
35
Let y(q) = 2*q**3 - 26*q**2 - 1083*q + 602. Determine y(-18).
8
Let j(y) = y**3 - 17*y**2 + 70*y - 986. What is j(15)?
-386
Let s(o) = o**3 - 113*o**2 + 133*o - 1476. Give s(112).
876
Let s(n) = n**2 + 117*n + 3328. What is s(-72)?
88
Let w(c) = -912641*c + 6388476. What is w(7)?
-11
Let d(a) = 3*a**3 + 518*a**2 - 190*a - 520. Give d(-173).
2421
Let h(m) = m**2 + 300*m - 6319. Give h(18).
-595
Let n(z) = -z**3 - 315*z**2 - 5102*z - 613. Determine n(-17).
-1
Let a(m) = -131*m + 56850. What is a(435)?
-135
Let v(l) = -l**3 - 14*l**2 + 1408*l + 23063. What is v(-17)?
-6
Let q(t) = -2*t**3 + 113*t**2 - 73*t + 950. Determine q(56).
-2
Let m(b) = -2*b**3 + 27*b**2 - 11*b - 90. Determine m(16).
-1546
Let i(m) = 12884*m - 12712. Calculate i(1).
172
Let n(z) = 406000*z - 27201986. Give n(67).
14
Let t(m) = -4771*m - 162401. What is t(-34)?
-187
Let r(g) = -17*g - 42. Give r(-38).
604
Let t(o) = o**2 + 193*o + 6609. What is t(-49)?
-447
Let x(b) = -228*b + 8465. Determine x(27).
2309
Let u(d) = 8*d**2 + 28685*d - 28696. Determine u(1).
-3
Let t(j) = 10271*j - 770333. Calculate t(75).
-8
Let g(f) = f**2 - 2180*f - 75200. Determine g(-34).
76
Let l(r) = -r**3 + 60*r**2 - 868*r - 803. What is l(28)?
-19
Let p(z) = 35*z**2 - 5213*z - 288. Determine p(149).
10
Let c(a) = 6*a**3 + 216*a**2 + 391*a + 6338. Determine c(-35).
3
Let t(w) = 3*w**2 + 215*w + 526. Give t(-69).
-26
Let o(b) = 4*b**3 + 1148*b**2 + 2288*b + 2263. Give o(-285).
-17
Let w(n) = 180601*n - 3612012. What is w(20)?
8
Let a(f) = -f**3 + 61*f**2 - 394*f - 227. Give a(8).
13
Let f(y) = y**2 + 15476*y - 247872. Determine f(16).
0
Let u(m) = m**3 + 73*m**2 - 90*m + 16751. Calculate u(-77).
-35
Let b(t) = -4*t**2 - 1732*t - 187474. Give b(-214).
-10
Let u(o) = -o**3 - 5*o**2 + 16327*o + 97851. What is u(-6)?
-75
Let q(s) = -41*s**2 - 1510*s - 3922. What is q(-34)?
22
Let l(z) = -11895*z + 463910. Give l(39).
5
Let k(s) = 433*s - 256359. Calculate k(592).
-23
Let x(p) = 10*p**3 + 616*p**2 - 246*p